
-12
Let n(q) = 14*q - 244. Calculate n(18).
8
Let v(g) = 6*g - 22. Calculate v(5).
8
Let z(v) = v**3 + 14*v**2 + 31*v - 27. Calculate z(-11).
-5
Let d(u) = 2*u**2 + 11*u - 32. Give d(-7).
-11
Let b(k) = 14*k**2 + 2*k - 2. Determine b(1).
14
Let p(u) = -u**3 - 16*u**2 - 16*u - 21. What is p(-15)?
-6
Let r(a) = -6*a - 35. Determine r(-7).
7
Let k(n) = 2*n**2 + 7*n + 4. Give k(-4).
8
Let z(x) = -x - 73. Calculate z(-14).
-59
Let y(s) = -s**2 - 6*s - 17. Determine y(7).
-108
Let i(v) = -v**3 - 7*v**2 + 4*v + 4. Determine i(-7).
-24
Let n(g) = g. Calculate n(5).
5
Let w(p) = -6*p**2 - 4*p + 4. Calculate w(2).
-28
Let j(p) = 4*p - 17. Determine j(-17).
-85
Let m(d) = -2*d**2 + 21*d - 14. What is m(10)?
-4
Let r(a) = a**2 + 11*a - 35. What is r(-13)?
-9
Let y(n) = -n**2 - 9*n - 7. Give y(-8).
1
Let p(m) = -m**2 + 4*m + 5. Calculate p(6).
-7
Let l(a) = -5*a - 163. Determine l(-40).
37
Let w(s) = -s**3 - 4*s**2 - 7. What is w(-5)?
18
Let p(h) = -18*h - 1. Calculate p(1).
-19
Let q(m) = 23*m - 4. Calculate q(-2).
-50
Let u(x) = 7*x**2 - 2*x + 4. Determine u(2).
28
Let z(c) = c + 8. Give z(-8).
0
Let u(w) = -w**3 + 3*w**2 + 15*w - 4. What is u(6)?
-22
Let m(l) = -l**3 + l**2 - 2*l + 4. What is m(2)?
-4
Let d(y) = y**3 + 5*y**2 + 3*y - 9. Calculate d(-3).
0
Let s(q) = 24*q - 7. Determine s(-3).
-79
Let x(s) = s**3 + 4*s**2 - 9*s - 8. Determine x(-5).
12
Let m(x) = x**3 - 6*x**2 + x - 3. Calculate m(6).
3
Let j(z) = -3*z**2 + 12*z + 5. Calculate j(4).
5
Let z(u) = u**2 - 34. Give z(0).
-34
Let x(f) = -8*f - 7. What is x(-3)?
17
Let o(t) = -2*t**3 + 24*t**2 - 7*t + 84. What is o(12)?
0
Let r(c) = 3*c + 8. Give r(-4).
-4
Let v(h) = -21*h**2 + 2*h - 1. What is v(1)?
-20
Let q(d) = -d**2 + 11*d + 13. Give q(15).
-47
Let t(y) = -y**3 + 4*y**2 + 6*y + 3. Determine t(5).
8
Let d(c) = c**3 - 4*c**2 + 7. Calculate d(3).
-2
Let g(x) = x**2 - 3*x - 1. Determine g(-7).
69
Let i(n) = n**3 + 6*n**2 - 8*n + 13. Give i(-7).
20
Let v(s) = s**2 - 11*s - 9. What is v(12)?
3
Let h(p) = -p**3 + p**2 + 2*p - 2. Determine h(2).
-2
Let g(j) = -15*j + 2. What is g(-1)?
17
Let o(h) = -h**2 - 13*h - 10. Give o(-12).
2
Let m(h) = h**2 + 9*h + 5. What is m(-8)?
-3
Let r(b) = -b**3 + 7*b**2 + 9*b - 2. What is r(8)?
6
Let t(q) = -2*q**3 - q**2 + 2*q - 7. Determine t(0).
-7
Let g(r) = r - 13. What is g(-4)?
-17
Let v(j) = -2*j + 2. Calculate v(-4).
10
Let s(l) = -l**2 + 10*l - 60. Determine s(11).
-71
Let z(f) = 2*f - 11. What is z(-12)?
-35
Let o(i) = -10*i**3 - 3*i**2 - 5*i - 1. Determine o(-1).
11
Let u(t) = -t**3 + 13*t**2 + 18*t - 29. Calculate u(14).
27
Let i(c) = -69*c + 7. Calculate i(2).
-131
Let v(l) = l**3 + l**2 + l - 6. What is v(0)?
-6
Let w(h) = 5*h**2 - 79*h - 17. Calculate w(16).
-1
Let i(j) = -j**3 + 18*j**2 + 38*j + 38. What is i(20)?
-2
Let z(k) = k**2 + 14*k - 2. Give z(-15).
13
Let d(l) = 9*l - 1. What is d(-2)?
-19
Let p(g) = g**3 - 6*g**2 - 4*g + 15. What is p(5)?
-30
Let u(h) = h**3 - 10*h**2 + 2*h + 12. Determine u(10).
32
Let k(g) = 6*g - 379. What is k(62)?
-7
Let i(c) = c**3 - 5*c**2 - 4*c - 8. Give i(7).
62
Let a(m) = -2*m**3 + 7*m**2 - 2*m + 1. Determine a(3).
4
Let z(g) = -g**3 + 7*g - 1. Calculate z(2).
5
Let p(c) = -2*c + 4. What is p(-4)?
12
Let k(v) = 26*v + 1. What is k(1)?
27
Let s(g) = g**2 - 42*g + 138. Give s(3).
21
Let t(u) = -u**2 + 5*u + 12. What is t(6)?
6
Let x(u) = -2*u - 2. Give x(-6).
10
Let w(c) = -2*c**3 - 9*c**2 - c + 1. Determine w(-4).
-11
Let g(m) = m**3 + 15*m**2 - 17*m - 8. Determine g(-16).
8
Let c(w) = w**3 + 2*w**2 - 10*w + 6. Calculate c(-5).
-19
Let p(u) = u - 7. What is p(7)?
0
Let g(p) = p**2 + 15*p + 4. Give g(-12).
-32
Let p(u) = -u**3 - 5*u**2 - 4*u + 5. What is p(-4)?
5
Let s(h) = -13*h + 2. Give s(-2).
28
Let m(g) = 3*g**2 - 59*g + 40. Give m(19).
2
Let q(p) = p**3 - 8*p**2 + 10*p - 20. Give q(6).
-32
Let w(h) = -h**3 - 8*h**2 + 9*h - 4. Determine w(-9).
-4
Let d(h) = -2*h + 12. Calculate d(8).
-4
Let p(s) = -s - 4. Determine p(-2).
-2
Let m(x) = -4*x**2 + 55*x - 45. Calculate m(13).
-6
Let t(u) = -u**3 - 8*u**2 - 6*u - 10. Calculate t(-7).
-17
Let m(i) = 11*i - 80. What is m(7)?
-3
Let n(t) = -2*t. What is n(2)?
-4
Let w(x) = -x**3 + 5*x + 2. Give w(-3).
14
Let c(s) = -4*s**2 - 8*s - 18. What is c(-6)?
-114
Let k(r) = -r**3 + r**2 + r + 2. What is k(2)?
0
Let u(c) = c**2 + 2*c - 11. Determine u(0).
-11
Let t(k) = -k**2 - 6*k + 20. Give t(-10).
-20
Let t(w) = -11*w + 302. Calculate t(28).
-6
Let f(y) = y**3 + 5*y**2 + 8*y + 11. What is f(-3)?
5
Let f(m) = -3*m**2 - 19*m + 25. Calculate f(-7).
11
Let o(g) = -3*g + 23. Give o(4).
11
Let h(w) = 23*w + 75. Calculate h(-8).
-109
Let z(w) = 12*w - 3. Give z(2).
21
Let y(w) = 2*w**2 + 67*w - 34. Give y(-34).
0
Let g(f) = -f**3 - 6*f**2 - 5*f. What is g(-6)?
30
Let p(j) = j**2 - 2*j - 12. Calculate p(6).
12
Let z(t) = t**2 + 24*t + 74. Give z(-4).
-6
Let u(t) = 6*t - 7. What is u(-7)?
-49
Let t(o) = o**2 - 7*o + 6. Calculate t(9).
24
Let t(y) = -y**2 + y - 35. Give t(0).
-35
Let a(s) = 2*s**2 + 17*s + 15. Give a(-7).
-6
Let r(g) = -g**3 + 7*g - 14. Calculate r(3).
-20
Let g(p) = 2*p - 2. What is g(2)?
2
Let x(p) = -7*p - 32. What is x(-4)?
-4
Let p(b) = -b**2 - 9*b - 78. Give p(-6).
-60
Let z(d) = 3*d. Give z(-2).
-6
Let x(u) = u**3 + 5*u**2 + 3*u + 6. Determine x(-4).
10
Let n(z) = -5*z + 162. Determine n(31).
7
Let g(t) = -2*t + 30. Calculate g(18).
-6
Let v(q) = q**3 + 7*q**2 + 2*q + 3. Determine v(-5).
43
Let h(d) = d**2 - 11*d - 27. Calculate h(16).
53
Let t(b) = -b**2 + 8*b + 165. Give t(17).
12
Let a(c) = -28*c. Determine a(2).
-56
Let z(l) = l**2 + 2*l + 23. Determine z(0).
23
Let h(x) = -4*x - 100. Calculate h(-18).
-28
Let p(x) = 2*x**2 + 29*x - 18. Give p(-15).
-3
Let i(l) = l**3 - 25*l**2 + 24*l - 19. What is i(24)?
-19
Let q(r) = r**2 + 4*r - 2. Give q(-5).
3
Let d(r) = r**3 + 25*r**2 - 28*r - 55. Determine d(-26).
-3
Let u(l) = l**2 + 4*l + 5. Calculate u(8).
101
Let s(p) = -3*p**3 + 116*p**2 - 77*p + 51. Give s(38).
13
Let r(a) = 2*a**2 + 4*a + 3. Determine r(-2).
3
Let w(k) = -2*k**3 + 2*k**2 + 2*k - 7. Determine w(3).
-37
Let a(l) = -2*l + 5. What is a(1)?
3
Let i(n) = 29*n + 54. Determine i(-2).
-4
Let g(c) = c**2 - 15*c - 16. What is g(14)?
-30
Let c(j) = -4*j**3 + 2*j**2 - j + 1. Give c(2).
-25
Let c(f) = f**3 + 18*f**2 + 15*f - 11. Give c(-17).
23
Let a(t) = -t**2 - 10*t + 17. What is a(-12)?
-7
Let u(h) = -4*h + 7. Calculate u(2).
-1
Let r(i) = i - 9. Give r(9).
0
Let o(y) = y**2 - 25*y + 152. Determine o(14).
-2
Let i(y) = -3*y - 20. Calculate i(-11).
13
Let v(q) = -66*q + 5. Give v(-3).
203
Let p(r) = -r**2 + 25*r - 60. Give p(22).
6
Let x(k) = -k**3 + 34*k**2 - 63*k - 43. Calculate x(32).
-11
Let v(f) = -f**2 + 2*f + 42. Calculate v(-6).
-6
Let a(h) = 2*h + 3. Determine a(-8).
-13
Let x(q) = -2*q**2 + 34*q - 25. Determine x(15).
35
Let x(v) = -31*v - 116. What is x(-3)?
-23
Let b(j) = j**3 - j**2 - 27*j + 4. Calculate b(0).
4
Let s(m) = 7*m + 13. Calculate s(-3).
-8
Let o(t) = 2*t**2 - 61*t - 102. Give o(32).
-6
Let d(c) = -2*c**2 - 2*c + 9. Calculate d(-4).
-15
Let n(j) = -3*j - 2. Give n(-2).
4
Let b(k) = -k**2 + 4*k + 28. Calculate b(-3).
7
Let a(j) = j**3 - 14*j**2 + 12*j + 12. Determine a(13).
-1
Let c(b) = b + 1. Give c(1).
2
Let c(f) = -3*f**3 - 2*f**2 - 3*f - 1. What is c(-2)?
21
Let j(o) = 5*o**3 + 22*o - 22. Determine j(1).
5
Let m(l) = -l**3 - 11*l**2 + 14*l + 7. Determine m(-12).
-17
Let j(u) = 2*u - 1. Determine j(-5).
-11
Let u(t) = -5*t - 10. Calculate u(-2).
0
Let y(t) = -2*t**2 + 10*t + 31. Give y(8).
-17
Let d(a) = 66*a - 1131. Determine d(17).
-9
Let v(i) = -i**2 + 37*i + 301. Determine v(-7).
-7
Let i(b) = b**3 + 29*b**2 + 52*b - 50. Calculate i(-27).
4
Let c(h) = 89*h**3 - 4*h + 3. Calculate c(1).
88
Let m(x) = -7*x. Determine m(3).
-21
Let b(x) = 3*x. Calculate b(4).
12
Let g(m) = -259*m + 1043. Give g(4).
7
Let o(s) = 4*s - 4. What is o(2)?
4
Let p(s) = s**3 - 6*s**2 + 8*s - 2. Calculate p(3).
-5
Let i(u) = -u**3 + 3*u**2 + 9*u - 6. Determine i(5).
-11
Let z(c) = -2*c**3 - 16*c**2 + c + 6. Determine z(-8).
-2
Let f(y) = -y**2 - 4*y + 16. What is f(-7)?
-5
Let j(i) = i**3 + 5*i**2 + 2*i - 9. Calculate j(-4).
-1
Let l(f) = -4*f**2 - 4*f + 37. Calculate l(7).
-187
Let y(a) = -a**3 + 13*a**2 - 39*a - 15. What is y(7)?
6
Let y(r)